3. Determine x(6).
-5
Let h(c) = -c**3 + 13*c**2 - 37*c + 300. What is h(12)?
0
Let j(u) = 4*u**2 - 32. Determine j(9).
292
Let w(s) = s. Determine w(33).
33
Let y(m) = 9*m**2 - 27*m - 6. Determine y(4).
30
Let f(i) = i**2 + 32*i + 25. Calculate f(-28).
-87
Let c(a) = 2*a**3 - 26*a**2 - 387*a + 5038. Determine c(13).
7
Let d(i) = -i**2 + 32*i - 265. Give d(12).
-25
Let w(b) = 90*b + 2270. Determine w(-25).
20
Let a(c) = c**3 + 11*c**2 + 5*c + 268. Give a(-12).
64
Let j(i) = 798*i - 86988. Give j(109).
-6
Let t(x) = x**2 + 30*x + 152. Give t(-25).
27
Let x(q) = -48*q + 69. Calculate x(2).
-27
Let z(m) = -m**3 + 118*m**2 + 1554*m + 788. Determine z(130).
8
Let h(a) = -a**2 - 486*a + 8026. What is h(16)?
-6
Let o(j) = 14*j**2 - 8*j - 53. Give o(-5).
337
Let k(u) = -98*u + 117. Calculate k(0).
117
Let c(v) = -v**2 + 42*v - 576. Determine c(36).
-360
Let t(p) = p**3 + 20*p**2 + 14*p - 28. Determine t(-19).
67
Let j(z) = 173*z + 297. Determine j(0).
297
Let j(m) = 235*m**2 - 7282*m - 74. Calculate j(31).
19
Let u(a) = 74*a - 394. Give u(7).
124
Let j(u) = -u**3 + 8*u**2 - 10*u + 20. Determine j(8).
-60
Let l(n) = 11*n**2 + 78*n - 92. What is l(1)?
-3
Let h(o) = -6*o**3 + 92*o**2 - 27*o - 43. What is h(15)?
2
Let f(n) = 390*n**2 + 790*n + 7. Give f(-2).
-13
Let x(d) = 32*d + 208. Calculate x(-5).
48
Let f(h) = -4*h**3 - 5*h**2 + 2*h - 1. Give f(2).
-49
Let a(i) = 22*i**2 - 94*i + 18. Calculate a(8).
674
Let x(d) = d**2 - 70*d + 475. Calculate x(8).
-21
Let g(n) = -8*n**3 + 16*n**2 - 2*n + 7. Give g(2).
3
Let g(b) = b**2 + 4*b - 8. What is g(0)?
-8
Let x(b) = -12*b**2 - 10*b - 18. Calculate x(-2).
-46
Let v(r) = 5*r**2 + 109*r + 41. Calculate v(-22).
63
Let t(d) = -5*d**2 + 501*d - 3685. Calculate t(8).
3
Let j(a) = 3035*a + 3037. What is j(-1)?
2
Let o(y) = -5*y**2 - 275*y - 2. Calculate o(-55).
-2
Let y(o) = 6*o + 143. What is y(-13)?
65
Let t(i) = i**3 + 8*i**2 - 28*i - 85. Calculate t(-10).
-5
Let w(j) = 290*j**3 - 2*j**2. What is w(1)?
288
Let n(u) = -2*u + 216. Give n(-57).
330
Let w(k) = -65*k + 2603. What is w(40)?
3
Let w(a) = 9*a**3 - 31*a**2 - 32*a + 38. What is w(4)?
-10
Let o(z) = z**3 - 94*z**2 - 92*z - 285. What is o(95)?
0
Let t(n) = 2*n**2 - 183*n + 365. Give t(2).
7
Let t(g) = 377*g + 1891. Give t(-5).
6
Let i(b) = -2*b**3 - 22*b**2 - 8*b - 14. Calculate i(-11).
74
Let o(b) = -2*b**2 - 457*b - 1779. What is o(-4)?
17
Let g(v) = 6*v**3 - 83*v**2 - 20*v. Give g(14).
-84
Let t(y) = y**2 - 152*y - 372. What is t(154)?
-64
Let g(r) = -53*r + 215. Determine g(4).
3
Let i(k) = 61*k + 57. Calculate i(-3).
-126
Let q(s) = s**3 - 72*s**2 + 278*s - 427. Calculate q(68).
-19
Let d(j) = j**2 - 1623*j - 32. Calculate d(0).
-32
Let i(t) = -t**3 + 36*t**2 - 20*t - 15. Give i(35).
510
Let l(o) = o**3 - 89*o**2 - 1217*o + 532. Calculate l(101).
27
Let w(y) = -y**2 + 11. Determine w(8).
-53
Let h(w) = 45*w + 5400. Determine h(-119).
45
Let t(x) = -34*x + 1574. Determine t(49).
-92
Let h(p) = 1548*p**2 - 4647*p + 9. What is h(3)?
0
Let t(i) = 37*i - 559. Calculate t(15).
-4
Let g(t) = 36*t + 1554. Give g(-43).
6
Let x(a) = -80*a + 690. Calculate x(8).
50
Let n(h) = -4*h**3 + 2*h**2 - 18*h - 21. Calculate n(-1).
3
Let c(q) = 100*q**2 + 13106*q + 783. What is c(-131)?
-3
Let w(b) = 3*b**3 - 43*b**2 + 28*b + 61. What is w(12)?
-611
Let u(v) = v**3 - 3*v**2 - 60*v + 219. What is u(4)?
-5
Let o(m) = 4*m - 310. Determine o(122).
178
Let d(s) = -s**3 + 7*s**2 - 26*s + 134. Calculate d(7).
-48
Let r(p) = -p**2 - 6*p + 93. Give r(9).
-42
Let l(x) = 4*x**2 - 1112*x - 1113. Give l(279).
3
Let q(l) = -l**3 - 16*l**2 + 15*l - 4. Determine q(-17).
30
Let y(w) = 2*w**3 + 65*w**2 + 21*w - 368. Determine y(-32).
-16
Let k(d) = -136*d + 4186. Give k(31).
-30
Let q(a) = -a**2 + 30*a - 64. Determine q(19).
145
Let m(d) = d**2 - 44*d + 307. Calculate m(7).
48
Let y(w) = 2*w**3 - 9*w**2 + 7*w - 10. What is y(3)?
-16
Let x(n) = 5*n**3 + 14*n**2 - 2*n + 4. What is x(-3)?
1
Let z(k) = -36*k**2 - 12*k - 10. What is z(-3)?
-298
Let f(l) = -30*l + 1198. What is f(40)?
-2
Let l(f) = -f**2 - 12*f - 63. Give l(-13).
-76
Let d(p) = -125*p + 763. Determine d(6).
13
Let s(l) = -12*l + 815. Give s(61).
83
Let v(l) = 4*l - 251. Give v(54).
-35
Let z(g) = -3*g**2 + 255*g + 1489. Calculate z(-6).
-149
Let b(p) = p**2 + 236*p + 13388. What is b(-95)?
-7
Let n(h) = 21*h**3 + 2*h**2 + 2*h - 1. Give n(-2).
-165
Let q(w) = -22*w**2 - 733*w - 1460. Give q(-2).
-82
Let w(p) = p**3 - 28*p**2 - 31*p + 27. Determine w(29).
-31
Let n(l) = -l**3 + 23*l**2 + 312*l - 6935. Determine n(24).
-23
Let q(t) = -135*t - 30112. Calculate q(-223).
-7
Let w(z) = -5*z**2 + 133*z + 54. Give w(27).
0
Let y(g) = 62*g**2 + 15*g - 15. Give y(1).
62
Let t(h) = -h**2 - 44*h - 278. What is t(-37)?
-19
Let x(i) = -30*i - 1540. What is x(-54)?
80
Let z(d) = -74*d - 481. What is z(-8)?
111
Let p(j) = -160*j + 333. Give p(2).
13
Let b(f) = 57*f + 1377. Give b(-38).
-789
Let k(x) = 3*x**2 - 247*x - 3944. Give k(96).
-8
Let w(l) = -8*l**2 - 467*l + 288. Give w(-59).
-7
Let s(p) = -p**3 - 29*p**2 - 16*p + 304. Determine s(-28).
-32
Let l(w) = 6*w**2 - 8*w + 6. Calculate l(-4).
134
Let d(a) = -a**3 - 69*a**2 - 639*a + 2. What is d(-11)?
13
Let l(i) = -45*i - 650. Determine l(-14).
-20
Let p(u) = -102*u - 5524. Calculate p(-54).
-16
Let p(y) = 322*y - 6438. Give p(20).
2
Let p(o) = -127*o + 1395. Calculate p(11).
-2
Let h(k) = 154*k**2 + 764*k - 45. Determine h(-5).
-15
Let y(i) = i**2 - 3*i + 32. What is y(14)?
186
Let d(j) = -j**3 - j**2 + 19*j - 3. What is d(5)?
-58
Let k(c) = 6*c**2 - 58*c + 35. Give k(9).
-1
Let z(n) = 40*n - 2391. Calculate z(61).
49
Let n(f) = f**3 + 20*f**2 + 68*f - 229. Determine n(-14).
-5
Let n(i) = -14*i**3 - 9*i + 13. Calculate n(2).
-117
Let g(s) = -48*s - 61. Give g(8).
-445
Let y(z) = 6*z**2 + 10*z + 12. Calculate y(-2).
16
Let f(x) = 45*x + 202. Determine f(-4).
22
Let m(g) = 2317*g - 6959. Give m(3).
-8
Let i(t) = -2*t**2 - 219*t - 3538. Give i(-20).
42
Let n(l) = 27*l + 837. Give n(-32).
-27
Let b(l) = -l**2 + 88*l + 324. Give b(91).
51
Let s(t) = -12*t**3 - 322*t**2 + 50*t - 143. Determine s(-27).
-35
Let n(g) = g**3 + 98*g**2 - 102*g - 282. What is n(-99)?
15
Let o(x) = -217*x**2 - 1517*x + 14. Give o(-7).
0
Let o(f) = -28*f**3 + 27*f**2 - 62*f + 124. Calculate o(2).
-116
Let o(x) = x**2 + 16*x - 4. Calculate o(5).
101
Let v(h) = -217*h - 243. What is v(-2)?
191
Let w(z) = -z**2 + 6*z + 8. Determine w(6).
8
Let x(l) = -105*l**2 + 93*l + 191. Calculate x(-2).
-415
Let t(b) = -b**3 + 7*b**2 - 14*b + 7. Give t(9).
-281
Let a(v) = -2*v**2 + 56*v - 117. Give a(28).
-117
Let w(b) = b**3 + 6*b**2 - 611*b - 4767. Determine w(-8).
-7
Let a(s) = -87*s**2 - 57*s + 57. Determine a(1).
-87
Let d(j) = -j**3 + 95*j**2 + 938*j + 25. What is d(-9)?
7
Let s(g) = -g**2 + 5*g + 25. Determine s(-9).
-101
Let p(h) = -h**3 - 2*h + 48. Calculate p(0).
48
Let t(r) = -r**3 + 4*r**2 + 52*r + 53. Determine t(11).
-222
Let z(k) = k**3 - 49*k**2 + 358*k + 41. What is z(40)?
-39
Let q(g) = g**3 + 135*g**2 + 1017*g + 123. What is q(-127)?
-4
Let n(h) = 10*h - 68. What is n(11)?
42
Let c(r) = -1290*r - 55474. Calculate c(-43).
-4
Let o(a) = 106*a + 1716. What is o(-16)?
20
Let u(k) = -k**3 + 27*k**2 + 37*k - 237. Determine u(28).
15
Let s(l) = 34*l + 87. What is s(-3)?
-15
Let m(k) = 5*k + 50. Give m(-14).
-20
Let w(x) = -30*x - 648. Calculate w(-40).
552
Let d(a) = -229*a + 13265. Calculate d(58).
-17
Let s(w) = 2*w**3 + 57*w**2 + 105*w + 652. Determine s(-27).
4
Let p(j) = -j**3 + 25*j**2 + 4*j - 67. What is p(25)?
33
Let z(x) = x**3 + 19*x**2 + 31*x - 1. Calculate z(-17).
50
Let f(m) = -m**3 + 71*m**2 - 2*m + 164. Calculate f(71).
22
Let y(p) = -p**3 + 24*p**2 - 2*p - 44. Determine y(24).
-92
Let f(s) = -51*s**2 + 16*s - 9. Give f(2).
-181
Let w(o) = -o**3 - 53*o**2 - 12*o - 646. What is w(-53)?
-10
Let x(z) = -2*z**2 + 168*z - 526. Give x(81).
-40
Let i(r) = -2*r**2 + 2669*r + 8031. Give i(-3).
6
Let v(r) = -r**2 + 69*r - 173. What is v(0)?
-173
Let j(o) = 23*o**2 - 555*o - 1670. Determine j(-3).
202
Let y(w) = -3910*w - 3915. Give y(-1).
-5
Let r(f) = f**3 - 15*f**2 + 11*f + 19. What is r(12)?
-281
Let o(b) = b**3 + 3*b**2 - 194*b - 46. Give o(14).
570
Let p(b) = 12*b - 51. Calculate p(14).
117
Let o(q) = -3*q**2 - 1